(i) = 5*i**3 + 1. Let l(j) = j**2 - 2*j + 1. Suppose 2 = -4*m + 22. Suppose -3*n = 2*n - 5*q + 10, -18 = n - m*q. Let u be l(n). Calculate b(u).
6
Let g(t) = 3*t**2 + 41*t - 17. Let i be g(-14). Let y(f) = -2*f**2 - 2*f + 2. What is y(i)?
-10
Let x be (1 - -3)/(-1 - 0). Let d(i) = i - 1. Give d(x).
-5
Let z(j) = -2*j**2 - 7*j - 3. Let q(t) = t**2 + 4*t + 1. Suppose -p - 2*p = 3*a, 0 = -2*p + 10. Let w(f) = a*q(f) - 2*z(f). Calculate w(-4).
9
Let s(f) be the third derivative of -f**6/120 + 7*f**5/60 - f**4/4 - 7*f**3/6 - 4*f**2. Let b = 8 - 2. Give s(b).
-7
Suppose 0 = -j + 2 - 4. Let c(z) = z**2 + 3*z + 3. Let v(i) = 2*i**2 + 7*i + 7. Let b(m) = -7*c(m) + 3*v(m). Determine b(j).
-4
Let g(a) = -a**3 - 7*a**2 - 12*a - 12. Let s be g(-5). Let w(q) = -q**3 - 3*q**2 - q - 1. What is w(s)?
-3
Let r be (-1 + -4)*77/(-55). Let j(c) = 2 - r*c + 3*c**2 + 9*c - c. Give j(-2).
12
Suppose 2*k + c = 5 + 5, 0 = 3*c + 12. Let b(v) = -v**2 + 7*v + 1. Determine b(k).
1
Let i(l) be the third derivative of 2/3*l**3 - 5*l**2 - 1/24*l**4 + 0*l + 0. What is i(2)?
2
Suppose 0 = y + 4*y + 5. Let z be 2/(-7) + (-88)/(-14). Let a be y/((10/z)/(-5)). Let g(s) = -2*s**2 + 3*s + 4. Determine g(a).
-5
Let d(h) = -4*h**2 - 1 + 2*h - h**3 + 0*h**3 + 2*h**2. Determine d(-3).
2
Let c(i) = -5*i + 4*i + 2 - i - 4. Let h = 4 + -7. Determine c(h).
4
Let y(t) = -21*t**3 + 9*t**2 + 9*t - 13. Let i = -22 - -31. Let z(q) = -5*q**3 + 2*q**2 + 2*q - 3. Let g(c) = i*z(c) - 2*y(c). Calculate g(1).
-4
Let q(t) = -2*t - 3. Let h be 5/((-15)/(-6)) - 3. Let o be ((-1)/(-2))/(h/(-6)). Give q(o).
-9
Let h(m) be the third derivative of -m**4/12 - m**3/6 + 2*m**2. Suppose 6*t + 18 = 5*r + 4*t, -5*t - 20 = 0. Let f be 2 - (2 - r) - 5. Calculate h(f).
5
Let q(u) = 7*u**3. Suppose b - 8 + 4 = 0. Suppose -2*f - b = -2. What is q(f)?
-7
Let d(i) = -i**2 - 1 + 2*i**2 + 0. Let l be 10 + -9 + -2 + (-2)/(-1). Give d(l).
0
Let x(z) be the first derivative of z - 2 - 7/2*z**2. Calculate x(1).
-6
Let b(z) = -z**2 + 6*z - 3. Let t be 12/(-9) - 2/3. Let o = t - -6. Suppose -15 - 5 = -o*w. Give b(w).
2
Let v = -18 - -11. Let g(n) = -8*n - 19. Let a(c) = 3*c + 6. Let l(i) = v*a(i) - 2*g(i). Determine l(-3).
11
Let y = -8 - -9. Let w(z) = -2*z + 8*z**2 + 0 - y - 7*z**2. Calculate w(2).
-1
Let s(r) = 2*r - 5. Let i = -11 + 5. Determine s(i).
-17
Suppose -5*b + 12 = -33. Let v(i) = -b + 9 - 5*i. What is v(-1)?
5
Let y(k) = -3*k - 3. Suppose -3*t - 10 = -8*t. Let l be (3/t)/((-4)/(-8)). Suppose -12 + l = -3*u. Calculate y(u).
-12
Let n(h) = 3*h**2 - 2*h - 4. Let k(z) = -z**2 + z + 1. Let j(g) = 11*k(g) + 4*n(g). Calculate j(-5).
5
Suppose -d = 3*d - 24. Let m(l) = -2*l**2 - 10*l + 5. Let q(u) = 3*u**2 + 19*u - 10. Let t(w) = -5*m(w) - 3*q(w). Determine t(d).
-1
Let i(o) = 27 + o**2 + o**3 - 47 + 22. Give i(0).
2
Let r(l) = -l**2 + 4*l - 2. Let x(t) = 1 + 1 - 1 - 3*t**3 + 0. Suppose 2 = -2*o - 0. Let h be x(o). What is r(h)?
-2
Let q(p) = p**3 - 6*p**2 - p + 8. Let k be q(6). Let w(j) = 15*j + 5 - 3 - 18*j. Give w(k).
-4
Let q(b) = -b**2 + 4*b + 1. Let y be (-2 - 27/(-3)) + -2. Let u = 12 - y. Let f = u + -3. Determine q(f).
1
Let a(x) be the first derivative of 7*x - 1/3*x**3 - 3/2*x**2 + 4. Let n be (-5)/2*(-1 - -3). Determine a(n).
-3
Let q(s) = 4*s - 5. Let t(i) = 7*i + 1. Let z be t(2). Let w be 2/(3*(-2)/33). Let n = z + w. Determine q(n).
11
Let d(w) = 3 - 1 + 4*w**2 - 4*w + 0*w**2. Determine d(2).
10
Let r(z) be the first derivative of 1/2*z**2 - 2 - 5*z. Let l be 10/6*3/1. Calculate r(l).
0
Let b(z) = -z**3 - 7*z**2 + 2*z + 7. Let t = 16 - 9. Let k(p) = -p**3 - 6*p**2 + 2*p + 6. Let r(a) = t*k(a) - 6*b(a). Determine r(2).
-4
Let z(w) = -w**3 + w**2 + w + 1. Suppose 0 = -2*h - 0*h. Let b = h - 1. Determine z(b).
2
Let y(x) = 3*x**2 - x - 6. Let w(b) = b**2 - 1. Let o(c) = 4*w(c) - y(c). Give o(-3).
8
Let l(t) be the third derivative of t**4/24 + t**3 - 3*t**2. Determine l(-6).
0
Let f(q) = -5*q**3 + q - 1. Let b be f(1). Let i(t) = -3*t**2 + 10*t - 1. Let k(u) = -7*u**2 + 21*u - 2. Let z(o) = -9*i(o) + 4*k(o). What is z(b)?
6
Suppose -14 = 12*b - 19*b. Let n(d) = -3*d**2 - 2*d + 2. Determine n(b).
-14
Let a(m) = -3*m - 5. Let r = -12 + 7. Calculate a(r).
10
Let d(m) = m**2 - 6*m. Let n be 114/(-7) - 6/(-21). Let l = -11 - n. Calculate d(l).
-5
Let j(y) = -12*y - 1. Let u(l) = l. Let h be u(3). Suppose -2*i = 6, 2*b - 5*i = -h*b + 10. Give j(b).
11
Let w(g) = -g**2 + 8*g. Suppose -3*x + 16 = 2*r, 0 = -2*x - 3*x - 2*r + 32. Let t be w(x). Let m(q) = q + 3. Calculate m(t).
3
Let k = -21 - -14. Let x = -12 - k. Let u(c) = c**3 + 5*c**2 - 2*c - 3. Determine u(x).
7
Let d = 46 + -54. Let g(x) = -x**3 - 8*x**2 - 2*x - 12. Calculate g(d).
4
Let r(v) = -23*v - 11. Let d(c) = -8*c - 4. Let j(p) = -8*d(p) + 3*r(p). Let m be j(-1). Let x(f) = m*f + 0*f + 2 - 5*f. Give x(-2).
4
Let u(g) = 3*g - 1. Let r be (2 - 7)*10/25. Calculate u(r).
-7
Let w(o) = -5*o**2 + 6 - o**3 + 3 - 2. Suppose 27 = -5*s - 2*p, 22 = 5*s - 10*s + 3*p. What is w(s)?
7
Let a(j) = -18 + 2*j**3 - 3*j**3 + 20. Calculate a(0).
2
Let y(k) be the third derivative of k**6/40 + k**5/60 - k**3/6 - k**2. Suppose 0*n - n = 0. Suppose 5*q - 5 = -n. Give y(q).
3
Let a = 24 + -24. Let d(z) = z + 8. Determine d(a).
8
Let g be (-6)/1*1/3. Let f(q) = -3*q**3 + 6*q**2 + 3*q + 7. Let m(x) = -4*x**3 + 7*x**2 + 3*x + 8. Let n(r) = 5*f(r) - 4*m(r). Determine n(g).
-3
Let c be 6*(0 + (-6)/(-9)). Let w(s) = 3*s - 8. Let u(i) = -2*i + 5. Let o(n) = -8*u(n) - 5*w(n). Give o(c).
4
Let a(y) = -4*y - 1. Let f be (0/2)/(3 + -4). Suppose -5*d - 6 + 16 = f. Calculate a(d).
-9
Suppose -b + 27 = -5*r, -3*b + 11 = 2*r - 3*r. Let n(x) = -x**b - x + 0*x + 0*x**2 - 4*x. Calculate n(-4).
4
Let o = 2 - 6. Suppose -4*p = -2*p - 4, 0 = -2*u - 5*p + 16. Let v(n) = -2 - 2*n + 2 - u. Give v(o).
5
Let d(r) = 2*r**2 - 5*r - 4. Let l be (-80)/(-24)*(-12)/(-10). Determine d(l).
8
Let q = -11 - -7. Let l(r) = 0*r**2 + r**3 + 2 + 4*r**2 - 2*r + r. Give l(q).
6
Let o(a) = 6*a - 9. Let q(k) = -2*k + 3. Let t(h) = 6*o(h) + 17*q(h). Determine t(4).
5
Suppose 2*m = 4*m. Suppose m*f + 10 = 2*f. Let l(u) = -u. What is l(f)?
-5
Let g(p) be the third derivative of p**6/180 - p**5/60 - 5*p**4/24 + p**2. Let v(d) be the second derivative of g(d). What is v(2)?
6
Let c(o) = 2*o + 3. Let y(z) = 6*z + 10. Let j(g) = -10*c(g) + 3*y(g). What is j(-2)?
4
Let o(q) = -q**3 + 6*q**2 - 5*q + 4. Let p = -27 - -39. Suppose 19 = -2*x + d - 2*d, 45 = -5*x - 2*d. Let c = p + x. Determine o(c).
4
Let y(t) be the second derivative of -t**7/840 - t**6/90 + t**5/24 - t**4/24 - t**3/6 - 2*t. Let o(c) be the second derivative of y(c). Calculate o(-5).
-1
Let j(u) = 2*u**3 - u**2 + 3*u + 1. Let b(v) = 5*v**3 - 2*v**2 + 9*v + 3. Let s(w) = -3*b(w) + 8*j(w). Calculate s(3).
-1
Let c(j) = -4*j + 1. Let m(i) be the second derivative of -i**3/2 + i**2/2 - i. Let o(p) = 5*c(p) - 6*m(p). Give o(-2).
3
Let k(p) = p**2 + 8. Suppose -3*r - 15 = 5*j, 5*r + 4*j + 7 = -5. Calculate k(r).
8
Let c(i) = i**2 + 2*i - 4. Suppose -6*a = -a. Suppose 3*p + 16 = -5*v, -p + 4 = -3*v - a*v. Let k be -3 + 1 + 1*p. Determine c(k).
4
Let h(p) = -p**2 - 10*p - 5. Suppose 14 = 4*q - 6*q. Determine h(q).
16
Let k be (-1)/(-3) - (-14)/3. Let v(w) be the second derivative of w**5/20 - 5*w**4/12 - w**3/3 + 2*w**2 - 33*w. Give v(k).
-6
Let i(h) = h - 4. Let p(z) = -z**2 - 6*z - 6. Let y be p(-5). Let s = -7 - y. Let l be (s/4)/(3/(-6)). Determine i(l).
-1
Suppose 6*y - 10 = y. Let n(x) = 4*x**y - 3 - 1 - 2*x**2 - 4*x. Let c(z) = -5*z**2 + 12*z + 12. Let m(b) = -3*c(b) - 8*n(b). What is m(-4)?
-4
Let c(t) = -4 + 6 - 3 + 3*t - 4*t. Let v(z) = -z - 2. Let a(d) = -2*c(d) + 3*v(d). Calculate a(-3).
-1
Let s(x) be the first derivative of -x**2/2 + 5*x + 77. Let o be (-1 - -1) + (0 - 0). What is s(o)?
5
Let t = 10 + -8. Suppose 5*w = -3*f + 32, -t*f + f = -w. Let h(c) be the second derivative of -c**3/2 + 3*c**2 - c. What is h(w)?
-6
Suppose 4 + 5 = h. Let n = h + -17. Let q(j) = j**3 + 8*j**2 + 5. Let x be q(n). Let o(m) = m - 2. Give o(x).
3
Let j(y) be the second derivative of 1/12*y**4 + 0 + 2*y + 3/2*y**2 + y**3. What is j(-2)?
-5
Suppose z - 5*z = -16. Suppose 51 = -z*y - x, 3*y - 3*x + 0 = -57. Let d = y + 8. Let a(i) = i - 1. Give a(d).
-7
Let o(l) be the secon